t the prime factors of 4681463.
4681463
What are the prime factors of 304450?
2, 5, 6089
What are the prime factors of 194294?
2, 19, 5113
List the prime factors of 526326.
2, 3, 87721
List the prime factors of 28037.
23, 53
List the prime factors of 21030775.
5, 841231
List the prime factors of 3731644.
2, 7, 79, 241
What are the prime factors of 376374?
2, 3, 149, 421
What are the prime factors of 7668086?
2, 3834043
List the prime factors of 14304710.
2, 5, 7, 204353
What are the prime factors of 17948914?
2, 421, 21317
What are the prime factors of 604092?
2, 3, 50341
What are the prime factors of 911191?
23, 173, 229
List the prime factors of 8531094.
2, 3, 11, 13, 61, 163
What are the prime factors of 217474?
2, 19, 59, 97
List the prime factors of 1439044.
2, 359761
What are the prime factors of 2404651?
29, 283, 293
What are the prime factors of 979839?
3, 7, 103, 151
List the prime factors of 3361897.
7, 11, 43661
List the prime factors of 386910.
2, 3, 5, 1433
List the prime factors of 666717.
3, 31, 67, 107
What are the prime factors of 102125?
5, 19, 43
What are the prime factors of 307093?
307093
List the prime factors of 4536740.
2, 5, 13, 17449
List the prime factors of 62829.
3, 13, 179
List the prime factors of 1343145.
3, 5, 151, 593
List the prime factors of 1412001.
3, 151, 1039
What are the prime factors of 160559?
7, 22937
List the prime factors of 5638581.
3, 13, 48193
What are the prime factors of 674327?
41, 16447
List the prime factors of 2926644.
2, 3, 7, 34841
List the prime factors of 1743010.
2, 5, 17, 10253
List the prime factors of 182454.
2, 3, 47, 647
List the prime factors of 2964150.
2, 3, 5, 7, 941
List the prime factors of 106313.
41, 2593
List the prime factors of 252876.
2, 3, 13, 1621
List the prime factors of 164308.
2, 41077
What are the prime factors of 201499?
201499
What are the prime factors of 125888?
2, 7, 281
List the prime factors of 5416465.
5, 313, 3461
What are the prime factors of 444418?
2, 13, 17093
List the prime factors of 3254837.
17, 191461
List the prime factors of 28033873.
7, 19, 41, 53, 97
What are the prime factors of 1055641?
151, 6991
What are the prime factors of 2621362?
2, 1310681
List the prime factors of 1369429.
1369429
What are the prime factors of 7849276?
2, 1962319
List the prime factors of 27934168.
2, 47, 74293
List the prime factors of 6608853.
3, 181, 4057
What are the prime factors of 31495?
5, 6299
What are the prime factors of 808598?
2, 7, 37, 223
What are the prime factors of 9878796?
2, 3, 137, 2003
What are the prime factors of 5370251?
67, 80153
List the prime factors of 1146188.
2, 286547
List the prime factors of 1519431.
3, 571, 887
List the prime factors of 111295.
5, 22259
List the prime factors of 23346600.
2, 3, 5, 167, 233
List the prime factors of 207390.
2, 3, 5, 31, 223
List the prime factors of 1100565.
3, 5, 37, 661
What are the prime factors of 1476474?
2, 3, 53, 4643
What are the prime factors of 101535?
3, 5, 7, 967
What are the prime factors of 8532795?
3, 5, 568853
List the prime factors of 8643107.
11, 785737
What are the prime factors of 286258?
2, 7, 23, 127
List the prime factors of 6588832.
2, 109, 1889
What are the prime factors of 135051?
3, 7, 59, 109
List the prime factors of 390207.
3, 130069
What are the prime factors of 12410674?
2, 173, 35869
What are the prime factors of 161287?
7, 23041
List the prime factors of 1170546.
2, 3, 13, 43, 349
What are the prime factors of 3246666?
2, 3, 29, 47, 397
List the prime factors of 501915.
3, 5, 33461
List the prime factors of 525847.
7, 43, 1747
What are the prime factors of 5969945?
5, 1193989
What are the prime factors of 3731122?
2, 1865561
What are the prime factors of 470452?
2, 337, 349
List the prime factors of 11069163.
3, 7, 58567
What are the prime factors of 7036435?
5, 7, 127, 1583
What are the prime factors of 15215407?
15215407
List the prime factors of 728978.
2, 73, 4993
What are the prime factors of 373660?
2, 5, 7, 17, 157
What are the prime factors of 491250?
2, 3, 5, 131
What are the prime factors of 67308?
2, 3, 71, 79
What are the prime factors of 1435?
5, 7, 41
What are the prime factors of 33810?
2, 3, 5, 7, 23
What are the prime factors of 4489574?
2, 2244787
What are the prime factors of 5642295?
3, 5, 376153
List the prime factors of 7084097.
7084097
What are the prime factors of 69962?
2, 34981
What are the prime factors of 672573?
3, 11, 89, 229
List the prime factors of 536887.
13, 41299
What are the prime factors of 478512?
2, 3, 3323
List the prime factors of 5342562.
2, 3, 293, 1013
List the prime factors of 211310.
2, 5, 11, 17, 113
List the prime factors of 9225492.
2, 3, 17, 41, 1103
What are the prime factors of 213006?
2, 3, 131, 271
What are the prime factors of 317052?
2, 3, 8807
What are the prime factors of 6338181?
3, 2112727
What are the prime factors of 651866?
2, 23, 37, 383
What are the prime factors of 12844104?
2, 3, 7, 13, 5881
What are the prime factors of 761465?
5, 152293
What are the prime factors of 3724?
2, 7, 19
List the prime factors of 25105304.
2, 7, 448309
What are the prime factors of 181727?
7, 13, 1997
List the prime factors of 4386884.
2, 17, 64513
What are the prime factors of 10389046?
2, 617, 8419
What are the prime factors of 271743?
3, 239, 379
What are the prime factors of 1475927?
1475927
List the prime factors of 15351640.
2, 5, 383791
What are the prime factors of 471408?
2, 3, 7, 23, 61
What are the prime factors of 1230086?
2, 11, 13, 17, 23
List the prime factors of 2121373.
2121373
List the prime factors of 2133824.
2, 7, 11, 433
What are the prime factors of 15260386?
2, 163, 46811
What are the prime factors of 4378373?
4378373
What are the prime factors of 2865269?
11, 101, 2579
List the prime factors of 12961.
13, 997
What are the prime factors of 458322?
2, 3, 76387
What are the prime factors of 14225690?
2, 5, 43, 33083
List the prime factors of 840475.
5, 33619
What are the prime factors of 159198?
2, 3, 13, 157
List the prime factors of 362027.
362027
What are the prime factors of 1427241?
3, 389, 1223
What are the prime factors of 114474?
2, 3, 19079
List the prime factors of 4367171.
23, 189877
What are the prime factors of 16562539?
7, 17, 59, 337
List the prime factors of 444906.
2, 3, 7, 11, 107
List the prime factors of 1309511.
7, 187073
List the prime factors of 4085529.
3, 7, 257, 757
List the prime factors of 2829698.
2, 1414849
What are the prime factors of 17323408?
2, 17, 63689
What are the prime factors of 644918?
2, 322459
What are the prime factors of 38214413?
31, 829, 1487
List the prime factors of 2412340.
2, 5, 7, 17231
What are the prime factors of 2303146?
2, 937, 1229
What are the prime factors of 1033726?
2, 31, 16673
List the prime factors of 1145192.
2, 257, 557
What are the prime factors of 780818?
2, 67, 5827
List the prime factors of 63584.
2, 1987
What are the prime factors of 172159?
13, 17, 19, 41
List the prime factors of 229774.
2, 131, 877
List the prime factors of 24476174.
2, 29, 31, 13613
What are the prime factors of 612506?
2, 306253
List the prime factors of 173029.
23, 7523
List the prime factors of 723116.
2, 180779
List the prime factors of 2910706.
2, 17, 59, 1451
What are the prime factors of 504036?
2, 3, 13, 359
What are the prime factors of 9556840?
2, 5, 238921
What are the prime factors of 1383478?
2, 691739
List the prime factors of 3387301.
17, 19, 10487
What are the prime factors of 1008994?
2, 7, 97, 743
List the prime factors of 16750853.
7, 137, 17467
List the prime factors of 102522.
2, 3, 7, 2441
List the prime factors of 237682.
2, 23, 5167
What are the prime factors of 384127?
281, 1367
What are the prime factors of 3675578?
2, 1837789
What are the prime factors of 2379303?
3, 17, 15551
List the prime factors of 1012784.
2, 63299
List the prime factors of 1652362.
2, 29, 31, 919
List the prime factors of 6423756.
2, 3, 17, 31489
What are the prime factors of 1350100?
2, 5, 23, 587
List the prime factors of 340468.
2, 47, 1811
What are the prime factors of 9905497?
7, 28879
What are the prime factors of 2642776?
2, 330347
List the prime factors of 369972.
2, 3, 43, 239
What are the prime factors of 238919?
238919
List the prime factors 